79.
82
Calculate the remainder when 6484253 is divided by 1615.
28
What is the remainder when 1822660 is divided by 303773?
22
What is the remainder when 79493 is divided by 79425?
68
What is the remainder when 2715123 is divided by 7145?
23
Calculate the remainder when 3457036 is divided by 230467.
31
Calculate the remainder when 202522 is divided by 33.
1
What is the remainder when 138426 is divided by 7687?
60
What is the remainder when 2709382 is divided by 2709375?
7
What is the remainder when 486208 is divided by 192?
64
Calculate the remainder when 536047 is divided by 639.
565
Calculate the remainder when 12309002 is divided by 2461768.
162
Calculate the remainder when 106150 is divided by 672.
646
What is the remainder when 756932 is divided by 1935?
347
Calculate the remainder when 245120 is divided by 39935.
5510
What is the remainder when 4532135 is divided by 35969?
41
What is the remainder when 9918039 is divided by 243?
237
What is the remainder when 1412652 is divided by 3890?
582
Calculate the remainder when 55490149 is divided by 1324.
1309
What is the remainder when 1188591 is divided by 594286?
19
What is the remainder when 16711 is divided by 7177?
2357
What is the remainder when 297314 is divided by 3958?
464
What is the remainder when 14974666 is divided by 12?
10
Calculate the remainder when 6889499 is divided by 984196.
127
Calculate the remainder when 41494213 is divided by 3623.
3617
What is the remainder when 19659878 is divided by 3?
2
Calculate the remainder when 1341820 is divided by 8083.
42
What is the remainder when 20592316 is divided by 16?
12
What is the remainder when 6801909 is divided by 2412?
69
Calculate the remainder when 19663 is divided by 3928.
23
What is the remainder when 46483 is divided by 4224?
19
Calculate the remainder when 1263202 is divided by 219.
10
What is the remainder when 40142254 is divided by 56?
54
Calculate the remainder when 20802661 is divided by 1524.
61
What is the remainder when 779378 is divided by 172?
46
What is the remainder when 58925 is divided by 3124?
2693
What is the remainder when 50760429 is divided by 2862?
2859
What is the remainder when 983127 is divided by 18518?
1673
What is the remainder when 16389 is divided by 45?
9
Calculate the remainder when 405365 is divided by 705.
695
What is the remainder when 307843 is divided by 2654?
2633
Calculate the remainder when 104518 is divided by 34142.
2092
What is the remainder when 6496244 is divided by 2039?
2029
What is the remainder when 150172 is divided by 7147?
85
Calculate the remainder when 27290097 is divided by 1605299.
14
What is the remainder when 1667479 is divided by 1132?
43
What is the remainder when 294956379 is divided by 651?
648
What is the remainder when 209167 is divided by 3946?
29
What is the remainder when 16208492 is divided by 427?
426
What is the remainder when 5676318 is divided by 810891?
81
Calculate the remainder when 34035800 is divided by 30.
20
Calculate the remainder when 2531061 is divided by 53851.
64
Calculate the remainder when 1284859 is divided by 7556.
339
Calculate the remainder when 12088827 is divided by 14.
9
What is the remainder when 45835 is divided by 996?
19
Calculate the remainder when 48658105 is divided by 2560952.
17
What is the remainder when 146355250 is divided by 15?
10
Calculate the remainder when 7818339 is divided by 5502.
5499
Calculate the remainder when 304155857 is divided by 7.
5
What is the remainder when 1973038 is divided by 527?
477
Calculate the remainder when 4352408 is divided by 145.
88
What is the remainder when 9306180 is divided by 517010?
0
Calculate the remainder when 28905 is divided by 14030.
845
What is the remainder when 189086 is divided by 5234?
662
What is the remainder when 8786226 is divided by 35286?
12
What is the remainder when 3988 is divided by 1328?
4
Calculate the remainder when 964481 is divided by 3385.
3141
Calculate the remainder when 3054198 is divided by 89829.
12
Calculate the remainder when 25002071 is divided by 12501005.
61
What is the remainder when 1907213 is divided by 7599?
7463
What is the remainder when 355422 is divided by 50604?
1194
Calculate the remainder when 353985 is divided by 117984.
33
What is the remainder when 43896400 is divided by 198?
196
Calculate the remainder when 1598678 is divided by 1598673.
5
Calculate the remainder when 3116 is divided by 329.
155
What is the remainder when 2461065 is divided by 185?
10
What is the remainder when 18439100 is divided by 171?
170
What is the remainder when 201555 is divided by 373?
135
What is the remainder when 252244 is divided by 126009?
226
What is the remainder when 11149 is divided by 4196?
2757
What is the remainder when 3156963 is divided by 485?
98
What is the remainder when 124858010 is divided by 38?
4
Calculate the remainder when 181945 is divided by 375.
70
What is the remainder when 364683 is divided by 1086?
873
Calculate the remainder when 23262102 is divided by 7.
3
What is the remainder when 166042 is divided by 1456?
58
What is the remainder when 13222 is divided by 746?
540
What is the remainder when 76258 is divided by 38126?
6
Calculate the remainder when 31250794 is divided by 6635.
6579
Calculate the remainder when 500284 is divided by 29423.
93
Calculate the remainder when 148285 is divided by 2117.
95
What is the remainder when 4125078 is divided by 1405?
1403
Calculate the remainder when 4016657 is divided by 37191.
29
Calculate the remainder when 252873 is divided by 50562.
63
What is the remainder when 1570034 is divided by 104665?
59
Calculate the remainder when 287085 is divided by 2586.
39
Calculate the remainder when 673871 is divided by 61255.
66
What is the remainder when 24240660 is divided by 440739?
15
Calculate the remainder when 889215 is divided by 64.
63
What is the remainder when 1074038 is divided by 111?
2
What is the remainder when 1618606 is divided by 31?
3
Calculate the remainder when 779676 is divided by 444.
12
Calculate the remainder when 61338553 is divided by 5463.
5452
What is the remainder when 181169 is divided by 1579?
1163
What is the remainder when 15067218 is divided by 483?
33
Calculate the remainder when 239642978 is divided by 6062.
6056
Calculate the remainder when 1947 is divided by 1310.
637
Calculate the remainder when 2348712 is divided by 782894.
30
Calculate the remainder when 25007193 is divided by 374.
57
What is the remainder when 2101055 is divided by 2191?
2077
What is the remainder when 437816 is divided by 39612?
2084
What is the remainder when 167059 is divided by 165973?
1086
Calculate the remainder when 1226131 is divided by 1250.
1131
Calculate the remainder when 3166782 is divided by 77.
3
Calculate the remainder when 1047841 is divided by 87.
13
What is the remainder when 6624594 is divided by 6624358?
236
What is the remainder when 42547 is divided by 3845?
252
What is the remainder when 702788 is divided by 11705?
488
Calculate the remainder when 19124 is divided by 16921.
2203
Calculate the remainder when 2672365 is divided by 111348.
13
Calculate the remainder when 7615087 is divided by 149.
144
Calculate the remainder when 26823885 is divided by 644.
641
Calculate the remainder when 16784225 is divided by 1118948.
5
Calculate the remainder when 34363 is divided by 66.
43
Calculate the remainder when 5503211 is divided by 500291.
10
Calculate the remainder when 9427808 is divided by 2356944.
32
What is the remainder when 5258315 is divided by 268?
155
Calculate the remainder when 5617505 is divided by 47205.
110
What is the remainder when 2586025 is divided by 646399?
429
Calculate the remainder when 20811 is divided by 296.
91
Calculate the remainder when 623656 is divided by 155837.
308
Calculate the remainder when 285194 is divided by 6788.
98
What is the remainder when 790049 is divided by 178?
85
Calculate the remainder when 24885 is divided by 11855.
1175
What is the remainder when 26015077 is divided by 531?
325
Calculate the remainder when 293685477 is divided by 1180.
1177
What is the remainder when 20952800 is divided by 164?
160
Calculate the remainder when 371935 is divided by 185960.
15
What is the remainder when 3265287 is divided by 544209?
33
What